nd 24?
24
Let h be (-24)/180 - (-1624)/30. Calculate the greatest common divisor of 3942 and h.
54
Let j(b) = 39*b**2 + 2436. Let i be j(0). Calculate the greatest common divisor of i and 957.
87
Suppose 0 = -2*d - 3*p + 95, p = -7*d + 2*d + 192. What is the greatest common divisor of d and 13579?
37
Let r be (-50)/(-18) - (-6 + (-312)/(-54)). Let d be (-2)/(-7)*(2 - r)*-7. Let m be (1 + 73 - 0/1)/d. What is the greatest common factor of 74 and m?
37
Let u be 4/3 + (-4080)/(-45). Suppose h - u = -15. Let w = h + -65. What is the highest common factor of w and 3?
3
Let a = 9354 - 8930. What is the greatest common factor of 477 and a?
53
Suppose -4*k = -4*a + 90 - 10, 4*k = -2*a + 46. What is the highest common factor of a and 3514?
7
Let k(c) = c**3 + 2*c**2 + 7*c - 35. Let n be k(5). Let p(v) = -v**3 + 18*v**2 + v + 17. Let o be p(18). What is the highest common divisor of n and o?
35
Let i(x) = 760*x + 8008. Let u be i(7). Calculate the highest common factor of u and 42.
14
Let k(t) be the second derivative of -5*t**3/6 + 5*t**2 - 5*t. Let p be k(4). Let a be (-3 + -1)*p/4. Calculate the highest common factor of 40 and a.
10
Let x be 6/(-4) - 18/(-12). Suppose 126*u - 127*u + 62 = x. What is the highest common divisor of u and 93?
31
Suppose -46799 = -68*f + 15*f. Suppose 5*s - 1812 = f. Calculate the greatest common factor of s and 11.
11
Let r be (-9)/(-6)*(8/(-3))/((-60)/9180). Let y(v) = -3*v. Let g be y(-4). What is the greatest common factor of r and g?
12
Suppose 0 = 61*t - 64*t + 78. Suppose 5*g = -3*n + t + 19, 5*n = -5*g + 65. Calculate the highest common factor of n and 18.
2
Let w = -4039 + 6404. What is the highest common divisor of 110 and w?
55
Suppose -2*d + 9*d - 35209 = -10240. What is the highest common factor of d and 615?
123
Let m = -10509 - -10886. Calculate the greatest common divisor of 116 and m.
29
Let q = 16 + -7. Suppose 13*o = q*o. Suppose -x + 2*x - 319 = o. What is the highest common divisor of x and 29?
29
Let r = 3 - 43. Let g be (r/(-60))/((-2)/(-819)). Let c = g + -133. What is the highest common factor of 40 and c?
20
Suppose 3*f - n - 522 = 698, -1216 = -3*f - n. What is the greatest common factor of 56 and f?
14
Suppose -4*h = 2*y - 5322, -5*h + 2*h + 4008 = -4*y. Suppose 7*v = 11*v - h. Let t = v + -163. What is the highest common divisor of 34 and t?
34
Suppose -4*o + 133 - 61 = 0. Let k = 417 + -129. Suppose -2*w - k = -14*w. Calculate the greatest common factor of o and w.
6
Suppose -101*v + 96*v = -2*g + 7994, -4*g + 16018 = -5*v. Calculate the greatest common divisor of 119 and g.
17
Suppose 36504 = 296*j + 42*j. What is the greatest common factor of 642 and j?
6
Let g = -8604 + 8631. What is the highest common factor of g and 459?
27
Let x(l) = -l**3 - 7*l**2 + 14*l - 18. Let o be x(-9). Suppose 5*t + 4*m + 1 - 49 = 0, 0 = t + 5*m - o. What is the highest common divisor of t and 152?
8
Let n(j) = -3*j - 5. Suppose -4*u - 7 - 13 = 0. Let d be n(u). Suppose 6*f + 11*f - 425 = 0. Calculate the highest common factor of d and f.
5
Suppose 4*f + v - 558 = 0, 0 = 4*f - 6*f + 5*v + 268. What is the greatest common factor of f and 8?
1
Suppose -4*y + 383 = u, -5*y + 1177 = u + 2*u. Let x be 57*(((-30)/(-9))/5 - 0). Calculate the greatest common divisor of x and u.
19
Let a be 198/3 + (13 - 23). What is the highest common factor of 236 and a?
4
Let a be 48/(35/32 - -13*(-16)/208). Calculate the greatest common factor of a and 464.
16
Suppose -920 = -4*q - 40. Let h(u) = -76*u - 792. Let x be h(-11). Calculate the greatest common factor of x and q.
44
Suppose 0 = -28*k + 13384 + 4256. Calculate the greatest common divisor of 20 and k.
10
Suppose -49*c = 36*c - 28*c - 1482. Calculate the greatest common divisor of c and 24.
2
Let f = 57 + -52. Suppose 4*u + f*u = 432. Suppose -u*y - 55 = -53*y. What is the greatest common divisor of y and 11?
11
Let l be (4 - 1)/15 - (8 + 209/(-5)). Let d(g) = -28*g - 4. Let z be d(-5). What is the highest common factor of z and l?
34
Let l = 313 - 183. Let y = -107 + l. What is the greatest common divisor of 667 and y?
23
Let g = -4267 + 4564. Calculate the greatest common divisor of 671 and g.
11
Let t be (-12)/((-12)/(-3)) - -5. Suppose -3*m + t*i + 31 = -3*i, -65 = -5*m + 5*i. Calculate the highest common factor of m and 34.
17
Let o = -3901 - -6651. What is the greatest common divisor of 220 and o?
110
Suppose -103*m = -110*m + 5040. What is the greatest common factor of 20 and m?
20
Let n = -2222 + 3692. What is the highest common divisor of 12 and n?
6
Suppose 3*x + 9 = 0, -4*x = -0*d + 4*d - 88. Suppose 17*k = 18*k - 8. Suppose -9*z + k*z = -275. What is the greatest common divisor of d and z?
25
Let j be (-6)/(-14) + 2732/28. Suppose -24251*v + 24256*v - 2450 = 0. What is the greatest common factor of v and j?
98
Let q be 1 + (0 - -1) - (18 + -64). Let h = -135 + 88. Let z = q + h. What is the highest common divisor of 8 and z?
1
Suppose 5*q - 3*z = 84, -2*q + 16*z = 11*z - 7. Suppose -4*a = a - 35. What is the highest common divisor of q and a?
7
Let k(p) = 4*p**2 - 50*p + 148. Let u be k(10). Calculate the greatest common factor of 3136 and u.
16
Let t(w) = 2*w - 24. Let l be t(14). Suppose 1486 = l*a - 2*a. Let f = -226 + a. What is the highest common factor of f and 47?
47
Suppose -4*y + q + 9 = -14, 3*y - 18 = q. Suppose 0 = -2*b + 8, -y*w + 0 + 41 = 4*b. Suppose -110 = -w*p + 25. Calculate the highest common divisor of 3 and p.
3
Let v be (-3)/((-612)/(-122) + -5). Let b = -407 - v. Let l = -35 - b. Calculate the greatest common divisor of 21 and l.
21
Suppose v + 5*r = 312, 3*v + 2*r - 969 + 98 = 0. Calculate the greatest common factor of 7 and v.
7
Let x(y) = 9*y - 57. Let k be x(10). Suppose -5*s = 12*c - 13*c - k, -4*c + 43 = 5*s. What is the greatest common divisor of s and 413?
7
Let g = 175 + -83. Let a = g + -29. Suppose 10 + 11 = 3*r. What is the highest common factor of r and a?
7
Suppose 4*p + 38 = 5*w, -w - p + 13 = -0*p. Suppose 0 = -w*x + 77 - 27. Calculate the highest common factor of x and 65.
5
Suppose -t - 3 - 6 = 2*s, 7*t - s - 12 = 0. Calculate the greatest common divisor of t and 2287.
1
Let t be ((-14)/91 - 786/(-39))*21/6. Calculate the highest common factor of 380 and t.
10
Suppose -485*p + 487*p + 2*d - 180 = 0, 0 = 5*p - d - 456. Calculate the greatest common factor of 247 and p.
13
Suppose 0 = -2293*j + 2257*j + 396. Calculate the greatest common factor of j and 2519.
11
Suppose 143*d = 136*d + 12341. Suppose -3505 = -4*i - 3*l, 2*i + 3*l - d = -2*l. What is the highest common factor of 19 and i?
19
Let z(o) = 25*o**2 + 67*o + 236. Let h be z(-4). What is the highest common factor of h and 23?
23
Let j(l) = l**2 - 16*l - 125. Let p be j(-9). Let k be 1124/14 - 12/42. What is the greatest common divisor of p and k?
20
Let v = -31776 - -32294. Calculate the highest common divisor of v and 36001.
259
Suppose -54*s - 13097 + 458921 = 0. What is the greatest common factor of s and 144?
48
Suppose 0 = 5*f + 6*d - 2856, -5*f + 2855 = 5*d. What is the greatest common factor of 722 and f?
38
Let x(n) = n**2 + 284*n - 2327. Let d be x(8). Let j = 77 + -41. What is the greatest common divisor of j and d?
9
Let q = 210 - 140. Let t = -37036 + 37038. What is the greatest common factor of q and t?
2
Suppose 59*w + 89*w - 4677 + 237 = 0. Calculate the greatest common factor of w and 3495.
15
Let s be (-2299)/(-23) + (-146)/(-3358). Calculate the greatest common factor of s and 60.
20
Let c = 4106 - 3966. What is the highest common factor of c and 1316?
28
Suppose 3*c + q + 690 = 0, 2*q - 1133 = 5*c - 2*q. Let u = 237 + c. What is the highest common divisor of 344 and u?
8
Suppose -6*s - 18 = 0, 17*s = u + 14*s - 43. Let y be 2 + 135 - 1/1. What is the highest common divisor of y and u?
34
Suppose 31*s - 129*s + 1764 = 0. Calculate the greatest common divisor of s and 8.
2
Let m be 50 + -36 + (68/(-11) - 4/(-22)). What is the highest common divisor of 14 and m?
2
Suppose 172*q + 668 = 178*q - 562. Calculate the highest common divisor of q and 861.
41
Let n be (174/(-7))/((-26)/546). Calculate the highest common factor of 2436 and n.
174
Suppose 2*f - 3*w = 314 - 105, -6*w - 18 = 0. Let u be -2 + 2 + -1 + 16. Let h be (u - -1)/((-4)/(-10)). Calcu